est common divisor of 384 and b.
12
Suppose 4*o - 9 = 11. Calculate the highest common factor of o and 95.
5
Suppose -24*w + 42 = -21*w. Suppose -5*v + 8 = -v. Let j be (-1 - 2)*v/(-3). What is the greatest common factor of w and j?
2
Suppose -6*x + 5454 = 3*w, 7*x + w = 11*x - 3642. Calculate the highest common factor of x and 140.
70
Suppose 7*z - 12*z = 25. Let f(w) = -10*w + 1. Let m be f(z). What is the greatest common divisor of 17 and m?
17
Suppose 0 = 4*l - d - 17, 3*l - 30 = -0*l - 5*d. Suppose 5*a + 5*j - 55 = 0, -4*a = -3*a + l*j + 9. Calculate the greatest common factor of 32 and a.
16
Suppose 21*w - w = 2000. Calculate the highest common divisor of 25 and w.
25
Suppose -4*y + 1800 = y. Let v = 79 - 75. Suppose -t + 3*t + 5*n = y, v*t = -3*n + 706. Calculate the greatest common divisor of 35 and t.
35
Let a(b) = 5*b**2 + 3*b - 1. Let d be a(3). Let u = d - -65. Let l = u - 76. Calculate the highest common divisor of l and 105.
21
Let m(s) = 13*s - 13. Let y be m(15). What is the greatest common divisor of y and 78?
26
Let s(i) = -i**3 + 2*i**2 - i + 5. Let w be s(0). Calculate the greatest common factor of 4 and w.
1
Suppose a = -3*x + 26 + 6, 3*a - 148 = 4*x. Let l be (-144)/(-8) - (-1 - 3). Suppose -f + l = f. What is the highest common factor of a and f?
11
Suppose -5*p = -3*i + 24, 0 = -3*i + 2*p + 2*p + 21. Let v be (-2)/(i/18*-4). What is the highest common divisor of 6 and v?
3
Suppose -1056 - 888 = -4*n. What is the greatest common divisor of n and 54?
54
Suppose -1593 = -4*n + m - 6*m, 5*n + m = 1986. Let h = 565 - n. What is the highest common factor of h and 21?
21
Suppose -797 = -5*o + 383. Let b = o - 72. Suppose 5*g - 76 = -m, -g + 0*g - b = -3*m. What is the highest common factor of m and 8?
8
Let x(j) = -2*j**3 + 6*j**2 + j - 3. Suppose -4*k = 2*r + k + 4, r = 5*k - 2. Let l be x(r). Calculate the greatest common divisor of 10 and l.
5
Let w(o) = -o**3 + 6*o**2 - 8*o + 1. Let c be w(4). What is the highest common divisor of 1 and c?
1
Suppose o = 4*o - 9. Let i be o + 8 - 0 - 1. Suppose -2*b + i = 2*a, -3*a = -2 - 4. What is the greatest common divisor of b and 1?
1
Let g be (57 + 3)/((-6)/(-4)). Let x be (13642/12)/19 - (-9)/54. What is the greatest common divisor of x and g?
20
Let x = 468 + -460. Calculate the greatest common factor of 24 and x.
8
Let l(g) = -4*g**3 - 5*g**2 - 11*g - 16. Let n be l(-3). Calculate the highest common divisor of n and 40.
40
Let t(a) be the second derivative of 9*a**3/2 + 13*a. Let m be t(2). What is the greatest common factor of 54 and m?
54
Let a(k) = 2*k**2 - 19*k + 16. Let i be a(9). What is the greatest common divisor of i and 5?
1
Let j be (2/(-3))/(8/(-24)). Let n(d) = -j*d + 2*d - d - 3*d. Let c be n(-1). Calculate the highest common factor of 6 and c.
2
Let s(x) = -x**3 + 10*x**2 - 16*x + 7. Let z be s(8). Suppose l - z = 15. Calculate the highest common divisor of 11 and l.
11
Let b(m) = 2*m**2 - 13*m + 26. Let f be b(5). Calculate the greatest common divisor of 1 and f.
1
Suppose -m + 84 = 4*u + m, 2*u + 3*m = 46. Let g = 41 + -21. Calculate the greatest common factor of g and u.
20
Let g = 1 + -5. Suppose -5*x - 8 + 48 = -5*n, 0 = 2*n - 8. Let h be -2 - (g - (x - 1)). Calculate the greatest common divisor of h and 117.
13
Let y = 91 + -63. Suppose -a + y = 4. Let n(o) = -o**3 - o + 24. Let q be n(0). Calculate the greatest common divisor of q and a.
24
Suppose 74 = w + 2*n, -2*n = -4*n + 2. Let x = 68 + w. Calculate the highest common divisor of x and 56.
28
Suppose -2*d - 6 - 18 = 0. Let y be (d + 15)*(0 - -1). Let z be (y - (-7)/1) + -2. What is the greatest common divisor of z and 2?
2
Let g(x) = -2*x**2 + 17*x - 8. Let n be g(11). Let h = 116 + n. Suppose -h = -8*c + 43. Calculate the greatest common divisor of 12 and c.
12
Suppose 0*p = 5*p + 3*g - 114, -5*g - 48 = -3*p. Calculate the highest common factor of p and 35.
7
Suppose g + 475 = -3*p + 6*p, 5 = g. Calculate the highest common divisor of p and 64.
32
Let t be (-56)/(-40) - (-6)/10. Suppose 49 = t*v + 5*v. What is the highest common divisor of v and 49?
7
Suppose -5*i - 5*u + 10 = 0, -i = 4*i - 4*u + 8. Suppose -6*g + 4*g = 16. Let m be (g - -5) + (35 - i). Calculate the greatest common divisor of 32 and m.
32
Suppose 8 = -0*y + 3*y - q, 1 = q. Let g = -40 + 41. What is the greatest common factor of y and g?
1
Let z = 284 - 200. Let x = -217 + 154. Let v = -7 - x. Calculate the highest common factor of z and v.
28
Suppose -3*t - 2*c + 1 = -14, -4*t + 20 = -c. Let o = t + 13. Calculate the highest common divisor of o and 36.
18
Suppose x - 2*g = -3*g + 72, -219 = -3*x - 2*g. Calculate the greatest common factor of 465 and x.
15
Let m be ((-4)/(-6))/(0 + 10/(-195)). Let f = 11 - m. Suppose 0 = l + 3*d - 276, -5*l = -0*l - d - 1316. Calculate the highest common factor of f and l.
24
Suppose 12 = d - 6. Let s(v) = 14*v**3 + 2*v**2 + 3. Let i be s(-3). Let j = -213 - i. What is the greatest common divisor of j and d?
18
Let f = -9 + 11. Let u = 3 - f. Suppose 3*v + 5*x - 11 = 0, v + 0*x + u = 3*x. What is the highest common factor of 2 and v?
2
Let p = -290 + 411. Let o(a) = -2*a**3 - 2*a**2 - 2*a - 1. Let w be (-60)/35 - 4/14. Let t be o(w). What is the highest common divisor of t and p?
11
Let c be -1 + -9 + (-113 - -528). What is the greatest common factor of 60 and c?
15
Let p be ((-16)/3)/(7/(-42)). Let m be (-2)/((-16)/4)*8. Suppose 5*r = -5*v + v + 21, m*r + 8 = 3*v. What is the highest common factor of v and p?
4
Let l = 568 + -476. What is the greatest common factor of l and 23?
23
Suppose -o + 25*b - 21*b + 2328 = 0, -6945 = -3*o - b. What is the highest common divisor of 12 and o?
12
Suppose -135 = 6*k + 207. Let f = k + 105. What is the greatest common factor of 36 and f?
12
Suppose 11*x - 9*x = 48. Let z = x + -19. Suppose 4*p - 4*o = 92, z*p + 0*p - 94 = -2*o. What is the greatest common factor of 20 and p?
20
Let v be 8*4*222/96 - -7. Let x(m) = m**3 + m - 1. Let p be x(2). What is the greatest common factor of p and v?
9
Let j be (1/3)/((-9)/(-3510)). What is the highest common divisor of 10 and j?
10
Suppose -16*a + 102 = -13*a. What is the greatest common divisor of 272 and a?
34
Suppose 2 = 23*x - 44. What is the greatest common factor of x and 26?
2
Suppose 0 - 7 = -7*t. Let k be ((-1)/((-15)/25))/(t/6). Calculate the highest common divisor of k and 55.
5
Let w = -69 + 76. Calculate the highest common divisor of w and 14.
7
Let y(r) = -r**3 + 13*r**2 + 13*r + 9. Let g be y(14). Let s be (-6 - g)/((-1)/21). Calculate the greatest common divisor of s and 105.
21
Suppose -d = -104 - 115. Suppose 9*h - d = 177. Suppose -10 + 53 = 5*i - 3*j, 4*j - 38 = -2*i. What is the greatest common factor of i and h?
11
Let j be ((-28)/(-6))/((-12)/54). Let d be 9/j + (-765)/(-21). Let t be (3/4)/((-2)/(-64)). Calculate the greatest common factor of t and d.
12
Let f = 99 - 51. Suppose 8*h - 10*h = -f. What is the highest common factor of h and 24?
24
Suppose -20*n + 90 = -19*n. Calculate the highest common factor of 117 and n.
9
Let w = -20 - -25. Suppose w*a = -0*a + 385. Let d(s) = 2*s - 1. Let j be d(4). Calculate the highest common divisor of j and a.
7
Suppose 306 - 130 = 8*o. Calculate the greatest common factor of 506 and o.
22
Suppose c + 4*a = 362, 5*c - 1744 = 6*a - 4*a. What is the greatest common factor of 14 and c?
14
Suppose -t - 2*t + 2*w + 112 = 0, -t - 3*w = -52. What is the highest common divisor of t and 320?
40
Suppose 5*x = 2*p + 43, -x - 4*p = 4 + 5. Suppose -x*r + 29 + 48 = 0. What is the highest common factor of 99 and r?
11
Suppose -2*n - 4*c - 38 = -0*n, 2*n + 3*c + 36 = 0. Let f be (-2 - -31) + n/3. What is the greatest common factor of f and 6?
6
Suppose 0*v + 5*n = -2*v + 45, -2*n + 84 = 3*v. Let y = v - 22. What is the highest common divisor of 88 and y?
8
Let z(i) = -i**2 - 5*i + 2. Let j be z(-5). Suppose -4*p - 2*r + 30 = 0, j*r + 34 = 2*p + 4. What is the highest common divisor of p and 50?
10
Let f = 398 - 389. What is the highest common divisor of 72 and f?
9
Let q be (-12)/(3/12*-1). Suppose -222 - 48 = -9*p. Suppose p = -0*m + 5*m. Calculate the highest common divisor of q and m.
6
Let w be ((-4)/(-6))/(((-2)/(-108))/1). Suppose 3*i - 4 = 3*u + i, 0 = -4*u + i - 7. Le